 + 87. What is the units digit of n?
4
Suppose 4*b = -2*o + 140, -230 = -4*o + 2*b - 0*b. Let q = -45 + o. Suppose 5*g = -4*r - 6 + 33, -q = -5*r. What is the units digit of g?
3
Let j(k) = 25*k + 111. Let w be j(12). Suppose -a + o + 456 = -3*o, 0 = a + 5*o - w. What is the hundreds digit of a?
4
Let y be (-3596)/(-4) + 1 + 6/(-1). Let s = y + -531. What is the hundreds digit of s?
3
Let l = 203 + 142. Let o = l - 125. Suppose 29*f - o = 24*f. What is the units digit of f?
4
Suppose 3*t + 3*d = -27, 2*t - 31 = -5*d - 40. Let f = -187 + 34. What is the units digit of (-48)/(-18)*f/t?
4
Suppose -2*d - 6096 + 67174 = 3*y, -101834 = -5*y + 2*d. What is the thousands digit of y?
0
Let w be 1*43*(0 + 1). Let b = w - 39. Suppose -b*o + 5*o - 75 = 0. What is the units digit of o?
5
Let y(a) = 3*a**3 - 3*a**2 + 7*a + 1. Let c(r) = 2*r**2 - 8*r + 3. Let p be 190/45 + (-4)/18. Let h be c(p). What is the units digit of y(h)?
6
Let g(r) = 3*r**2 - 5*r - 15. Let k be g(8). Let v be (1 + -99)*(-17)/34. Suppose m = -4*x + k, 2*x + 180 = m + v. What is the units digit of m?
3
Let q = -394 + 417. Suppose -q*i + 10766 = -9*i. What is the hundreds digit of i?
7
Let b = 35 + -224. Let w = b - -249. What is the tens digit of w?
6
Let p be 1 + 2692 - ((-4)/4 + -1). Suppose 6*h - p = 557. What is the tens digit of h?
4
Let i(u) = -164*u - 23. Let k be i(-17). What is the units digit of (-3)/((-15)/k + 0)?
3
Suppose 1389636 = 3221*u - 3194*u. What is the units digit of u?
8
Let g be 163290/(-330) - 4/22. Let t = g - -1047. What is the hundreds digit of t?
5
Let k be ((-20)/(-5))/(2/(-15)). Let r = k + 45. What is the units digit of 18*2*r/6?
0
Let k(r) = -9*r**3 + 5*r - 2. Let n be k(-4). Suppose -51 = 5*i - 8*i + 5*f, 5*f = i - 27. Suppose n + 22 = i*c. What is the units digit of c?
8
Let p(s) = 36*s**2 - 2*s - 2. Let o be p(-1). Suppose -2*c = 4*c + o. Let q = 18 + c. What is the units digit of q?
2
Suppose 3*m = 3*i - 117, -2*i + 5*m + 4 = -62. Let b = 47 - i. Suppose 0 = b*a + 4*g - 300, -4*a = -3*g + 4*g - 285. What is the tens digit of a?
7
Let s(m) = -m**2 - 25*m + 31. Let p(d) = -d**2 + 13*d - 22. Let f be p(13). What is the units digit of s(f)?
7
Suppose 272 = -3*w + 5*y, -w = 3*w - 2*y + 358. Let r = w - -239. What is the units digit of r?
0
Let m be 445*5/(26 - 1). Let h = -21 + m. What is the tens digit of h?
6
Suppose 0 = 5*z - 4*d + 85, 4*z - 6*d + 3*d + 69 = 0. What is the hundreds digit of (-11178)/(-14) + 9/z?
7
Let d = -590 + 602. Suppose 0 = d*h - 8793 + 1593. What is the hundreds digit of h?
6
Suppose -9*z - c + 6 = -7*z, z - 13 = 2*c. Suppose -453 - 3116 = -4*j + z*d, -20 = 4*d. What is the hundreds digit of j?
8
Let d(f) = -25 + 0*f**2 + 3*f**2 + 10 - 2 + 19*f. What is the units digit of d(-11)?
7
Let p(j) = 2*j**3 - 2*j - 94 - 3*j**2 + 24 + 6*j**3 - 9*j**3. What is the tens digit of p(-11)?
2
Let i(p) = 95*p**2 - 6*p - 18. Let w be i(6). Suppose 21*l - 3*l = w. What is the tens digit of l?
8
Let z = -211 - -214. Suppose h - 345 = z*o, -3*o = 2*o - 15. What is the tens digit of h?
5
Let x = -175 + -138. Let l = x - -712. What is the tens digit of l?
9
Let h(r) = 104*r**2 - 24*r - 327. What is the ten thousands digit of h(-10)?
1
Let p = 53 + -51. Suppose 5*n + a = 472, -4*n - p*a + a = -377. What is the units digit of ((-214)/(-5))/(38/n)?
7
Let a(i) be the second derivative of -87*i**4/4 - i**2 - 10*i. Let m be a(-2). What is the units digit of ((-108)/30 - -4) + m/(-10)?
5
Let c(y) = 50*y**2 + 11*y + 69. Let l be c(-4). Let x = l + -519. What is the units digit of x?
6
Let w(h) = -h**3 - 7*h**2 - 2*h + 8. Suppose 4*f - 5 = c - 6*c, 0 = 3*f - 4*c - 27. Suppose 1 = -2*t + f, -12 = 2*r + 2*t. What is the tens digit of w(r)?
8
Suppose -24 = -3*s - g, 2*g + g = 0. Suppose 0 = 5*r - s*p + 9*p - 2710, -2*r + 1062 = -4*p. What is the tens digit of r?
4
Let k(j) = 9*j**2 - 27*j + 100. What is the tens digit of k(-48)?
3
Let n(h) = h**2 - 10*h - 37. Let s be n(-3). What is the units digit of 6/15 + (s - (-1926)/10)?
5
Let p = 3285 - 3147. What is the units digit of p?
8
Let o(v) = -23*v + 4. Let y(f) = -9*f + 2. Let c be y(1). Let n be o(c). Suppose n = 4*p + 5*x, -3*x = 3*p - 2*x - 132. What is the tens digit of p?
4
Let k(q) = -q**3 + 17*q**2 + q - 12. Let t be k(17). Suppose -4*j = -t*j + 97. Let g = j + -30. What is the tens digit of g?
6
Let g = 11 + -21. What is the units digit of 6/15 + -1662*g/75?
2
Let f be 24/(-21) + (-870)/(-14). Suppose -53*t = -f*t + 8552. What is the thousands digit of t?
1
Let f(k) = 2*k**2 - 7*k - 29. Let s be f(-3). Let b be (-2)/4 + 122/4. Let g = b - s. What is the tens digit of g?
2
Let i(d) = -221*d + 1625. What is the tens digit of i(-10)?
3
Let k(g) = 11602*g**2 + 13*g - 5. What is the thousands digit of k(-2)?
6
What is the thousands digit of (18/12)/(15/110840) + 4?
1
Let i = -2492 + 4212. Suppose -21*a + 19*a = -i. What is the tens digit of a?
6
Let b = 39526 - 21949. What is the tens digit of b?
7
Let y be (2/(-4)*(-11 + 23))/(-2). What is the units digit of y*(-1)/2*1466/(-3)?
3
Let t = 524 - -3480. Suppose 4*l - 3206 = 3*c, 5*l - t = 5*c - 3*c. What is the units digit of l?
0
Let o be 3*62*5/(-30). Let g = o + 28. What is the tens digit of -2 - (-34 - g - -4)?
2
Suppose 35330 = 4*q - 3*u, 87*u - 44151 = -5*q + 85*u. What is the hundreds digit of q?
8
Let q be -7 - 4*(-5)/(-20). Let g(m) = -15*m**2 - 13*m + 28. Let d(y) = 7*y**2 + 6*y - 14. Let u(w) = 13*d(w) + 6*g(w). What is the units digit of u(q)?
0
Let u = -807 - -4024. What is the thousands digit of u?
3
Suppose -36 + 30 = 2*t, 2*t = 4*b - 12194. What is the hundreds digit of b?
0
Suppose -2*l = 3*h - 8, -2*l = -4*l + 2. Suppose -4*o + h*o + 3*s = 129, -o - 66 = -s. Let m = 172 + o. What is the units digit of m?
3
Let f = 276 + 120. Suppose -135*a = -129*a - f. What is the tens digit of a?
6
Let w = 5827 + -3303. Let u = w + -1487. What is the tens digit of u?
3
Suppose 518*z - 3*x = 513*z + 122881, 0 = z - 2*x - 24586. What is the ten thousands digit of z?
2
Suppose -46368 = -145*k + 378047. What is the thousands digit of k?
2
Let k(g) = 10*g - 24. Let s be k(3). Let j(u) = 2*u**3 + 3*u**2 - 7*u + 32. What is the hundreds digit of j(s)?
5
Suppose 235 = -p - 25. Suppose 3*c = -198 - 360. Let k = c - p. What is the tens digit of k?
7
Let g(h) = h + 14. Suppose -d + 4*p = -20, -3*p - 8 = 3*d + 7. Let z be 0 + (d - 9)/(24/16). What is the units digit of g(z)?
8
Suppose -56 = 27*g - 23*g. Let z(o) = -18*o + 14. What is the hundreds digit of z(g)?
2
Let i(y) = -y**3 - y**2 + 8*y + 4. Let k be i(-4). Suppose -k*t - 7*t = -14850. What is the units digit of t?
0
Let f = -81 + -2. Let t = -686 + 503. Let l = f - t. What is the units digit of l?
0
Let q be 3*2/(-21) + (-46)/(-14). Suppose -q*y + 452 = 2*n - 7*y, -5*n = y - 1174. Suppose 0*j = 3*j - n. What is the units digit of j?
8
Let d(s) = s**3 - s**2 - s - 1. Let h be d(-1). What is the hundreds digit of 3/h - (-3)/(36/3342)?
2
Let l(d) = 9*d + 35 + 4*d - 36. Let f be l(-3). Let s = f + 48. What is the units digit of s?
8
Let t = 9776 + -4321. What is the hundreds digit of t?
4
Let r(w) = 9902*w - 273. What is the thousands digit of r(1)?
9
Let q(w) be the second derivative of w**4/3 - w**3/6 - 5*w**2 - w + 2. What is the hundreds digit of q(-7)?
1
Suppose 0 = f + 3*w + 10, 3*f + 9*w = 6*w - 6. Suppose f*o + 2*o - 1320 = 0. What is the tens digit of o?
3
Let v(d) = d**3 + 6*d**2 - 5*d + 16. Let m be 7/(-4)*12/(12/4). Let o be v(m). Suppose o*y - 6*y + 2*z + 330 = 0, y = -z + 87. What is the tens digit of y?
8
What is the hundreds digit of 167020/14 + 24/(-4) + 10?
9
Let n = 36 + -34. Suppose 0 = 11*x - 4*x - 21. What is the units digit of 159/n*6/9 + x?
6
Suppose 5*j = 4*n - 319, 103 = 4*n + 2*j - 223. Let o = 85 - n. What is the tens digit of -5*o/(-20) + 167?
6
What is the hundreds digit of 2731 - ((-48)/14 + (-165)/(-385))?
7
Suppose 5*b - 4*k = 2*b + 778, -3*b = -2*k - 776. Let x(l) = -708*l - 3691. Let p be x(-5). Let j = p + b. What is the hundreds digit of j?
1
Suppose -42588 = -10*h + 132642. What is the thousands digit of h?
7
Let m = 86991 - 27719. What is the thousands digit of m?
9
Let u = -14573 + 39517. What is the thousands digit of u?
4
Suppose -8*u + 0*u + 40 = 0. Suppose 0 = -u*t - 2*q